23
-2016 (base 8) to base 4
-100032
What is 10011021 (base 3) in base 7?
6466
What is -1e1 (base 16) in base 2?
-111100001
-2935 (base 11) to base 5
-110124
14251 (base 8) to base 2
1100010101001
Convert -26214 (base 7) to base 12.
-4049
What is -202111100 (base 3) in base 6?
-153100
-38409 (base 10) to base 4
-21120021
What is 16706 (base 8) in base 11?
57aa
Convert 31470 (base 12) to base 6.
1215020
What is -304 (base 13) in base 8?
-777
26331 (base 10) to base 13
bca6
-132 (base 6) to base 7
-110
Convert -1dc (base 14) to base 10.
-390
1200220212 (base 3) to base 2
1000001011000100
What is 120020 (base 3) in base 9?
506
Convert 10211 (base 5) to base 6.
3053
What is 45353 (base 10) in base 14?
12757
Convert 70c2 (base 13) to base 11.
10745
-1000110111 (base 2) to base 6
-2343
42152 (base 6) to base 14
2100
Convert 4021 (base 6) to base 4.
31231
What is 71b (base 16) in base 6?
12231
42d (base 16) to base 14
565
-d648 (base 15) to base 7
-246023
Convert -1ad (base 15) to base 11.
-323
What is -2310101 (base 4) in base 12?
-6815
What is 1e4 (base 15) in base 6?
2011
Convert 121c (base 15) to base 13.
19a4
What is 6a9 (base 13) in base 14?
5c5
-6ad6 (base 14) to base 12
-a930
What is 3919 (base 10) in base 7?
14266
Convert 20333 (base 5) to base 10.
1343
-8164 (base 9) to base 14
-2267
-16574 (base 9) to base 5
-331112
c06 (base 14) to base 5
33413
What is 3a6 (base 15) in base 12?
593
Convert 39b7 (base 12) to base 11.
4a78
What is -4916 (base 10) in base 11?
-376a
118 (base 10) to base 2
1110110
What is 10275 (base 10) in base 4?
2200203
-746 (base 8) to base 7
-1263
-10102 (base 4) to base 11
-22a
What is -2211 (base 9) in base 4?
-121132
What is 17965 (base 10) in base 2?
100011000101101
Convert -2202021102 (base 3) to base 16.
-d382
-1431313 (base 5) to base 12
-15594
What is -124345 (base 6) in base 8?
-26151
Convert a8 (base 16) to base 13.
cc
-33754 (base 8) to base 6
-150140
-12b83 (base 15) to base 12
-2a859
248 (base 13) to base 15
1b8
What is 3255 (base 13) in base 3?
100121020
Convert -9750 (base 16) to base 13.
-14829
What is 1a5 (base 14) in base 5?
2331
Convert 6d1 (base 16) to base 13.
a43
Convert 284 (base 16) to base 15.
2ce
What is 13300 (base 5) in base 12?
757
What is -b45 (base 12) in base 5?
-23022
-3010 (base 5) to base 13
-233
Convert 22104 (base 9) to base 3.
202010011
2021 (base 7) to base 2
1010111101
What is -ce92 (base 15) in base 13?
-16c13
11110110001 (base 2) to base 7
5512
Convert 248 (base 13) to base 10.
398
71034 (base 8) to base 14
a908
What is 1a5c (base 14) in base 4?
1022302
What is -8073 (base 9) in base 8?
-13412
Convert 13034 (base 6) to base 7.
5506
What is 6baa (base 13) in base 14?
5765
-4231 (base 7) to base 4
-113110
What is 1200 (base 9) in base 10?
891
235 (base 10) to base 3
22201
Convert -271 (base 11) to base 4.
-11000
What is -11146 (base 10) in base 15?
-3481
21220 (base 3) to base 6
553
What is -45444 (base 6) in base 3?
-22211101
What is 37465 (base 11) in base 2?
1101001000100011
Convert 30635 (base 9) to base 3.
1000201012
What is -549 (base 10) in base 6?
-2313
-12534 (base 7) to base 12
-1b39
13b94 (base 16) to base 10
80788
What is 6711 (base 8) in base 7?
13201
-308 (base 12) to base 9
-538
Convert -11111001100 (base 2) to base 16.
-7cc
Convert 1243 (base 5) to base 3.
21100
What is -36475 (base 8) in base 12?
-90a5
What is -726 (base 14) in base 11?
-1069
What is -7e23 (base 16) in base 13?
-1190c
Convert -3470 (base 12) to base 8.
-13324
Convert -270 (base 9) to base 7.
-441
What is -1a10 (base 13) in base 12?
-2310
What is 46575 (base 9) in base 12?
15bab
What is cfa6 (base 16) in base 5?
3200113
3141 (base 8) to base 3
2020111
What is 1615 (base 10) in base 6?
11251
Convert -6189 (base 10) to base 3.
-22111020
-1034 (base 6) to base 12
-17a
-b5d (base 16) to base 12
-1825
-36013 (base 8) to base 5
-442441
Convert -2331 (base 6) to base 16.
-22f
Convert 1a7 (base 15) to base 12.
27a
What is 503 (base 9) in base 15?
1c3
Convert -121340 (base 5) to base 6.
-33135
-56a9 (base 11) to base 13
-354c
Convert 2d2 (base 15) to base 6.
2555
What is -323 (base 7) in base 14?
-ba
What is 1021220 (base 5) in base 6?
210552
Convert 129 (base 11) to base 2.
10011000
22032 (base 6) to base 11
2318
Convert 6316 (base 13) to base 6.
143244
-15424 (base 6) to base 12
-1574
-1158 (base 10) to base 3
-1120220
-10011100000111 (base 2) to base 15
-2e61
30066 (base 7) to base 16
1c53
-772 (base 11) to base 9
-1238
What is 30541 (base 6) in base 11?
3091
Convert 3332 (base 7) to base 2.
10010101111
Convert -22110110 (base 3) to base 15.
-1c63
Convert -1010011001100 (base 2) to base 11.
-4000
-3787 (base 10) to base 3
-12012021
Convert -201002 (base 3) to base 11.
-429
-1e91 (base 15) to base 2
-1101000000101
What is -959 (base 10) in base 8?
-1677
Convert -1306 (base 7) to base 15.
-231
Convert -5b25 (base 13) to base 9.
-18585
What is 1212302 (base 4) in base 8?
14662
Convert -34943 (base 11) to base 5.
-3103013
Convert -b65b (base 12) to base 2.
-100110111100111
Convert 5125 (base 6) to base 10.
1133
Convert -10100101000000 (base 2) to base 6.
-120520
-78230 (base 9) to base 3
-2122021000
What is 14836 (base 9) in base 7?
41421
-12024 (base 9) to base 7
-32305
-50671 (base 10) to base 8
-142757
What is -5043 (base 14) in base 5?
-420104
991 (base 11) to base 15
544
What is -57325 (base 8) in base 10?
-24277
What is -21202 (base 3) in base 11?
-180
Convert -104551 (base 6) to base 5.
-240401
218 (base 13) to base 10
359
Convert 231a8 (base 13) to base 14.
1948c
c (base 16) to base 6
20
What is 1001001000011 (base 2) in base 12?
2857
Convert 404636 (base 7) to base 16.
10d39
What is -718 (base 11) in base 8?
-1542
What is a079 (base 12) in base 3?
212211110
What is 1011110001000 (base 2) in base 4?
1132020
What is -280 (base 13) in base 6?
-2014
Convert -2189 (base 11) to base 10.
-2880
What is 1183 (base 9) in base 14?
473
-14630 (base 8) to base 15
-1e1c
What is 203d (base 14) in base 16?
15a7
-4 (base 9) to base 13
-4
80 (base 13) to base 14
76
31311 (base 6) to base 11
3196
Convert -45783 (base 10) to base 9.
-68720
-2aba (base 14) to base 15
-23c7
-830 (base 11) to base 8
-1751
Convert -131204 (base 5) to base 12.
-2bb7
What is 10db8 (base 15) in base 8?
150733
-22088 (base 9) to base 14
-54b2
What is -102021212 (base 3) in base 8?
-20047
-22121 (base 4) to base 12
-475
Convert 2203 (base 6) to base 4.
13323
What is -84085 (base 10) in base 15?
-19daa
-141500 (base 7) to base 11
-19315
-1000 (base 6) to base 11
-187
Convert 245051 (base 6) to base 4.
11111113
40d7 (base 14) to base 11
8430
Convert 1a60 (base 12) to base 2.
110010101000
What is -2213 (base 7) in base 10?
-794
Convert 2271 (base 9) to base 15.
774
Convert 11100100001110 (base 2) to base 8.
34416
Convert 2202201 (base 4) to base 9.
15236
Convert 1e6 (base 15) to base 2.
110111001
Convert -1206 (base 8) to base 12.
-45a
Convert -411201 (base 5) to base 6.
-141325
1111101001 (base 2) to base 13
5c0
Convert -77a7 (base 13) to base 3.
-211220111
Convert -510235 (base 6) to base 14.
-10967
Convert 2545 (base 7) to base 15.
444
-23113 (base 4) to base 14
-39d
Convert 25423 (base 6) to base 9.
5226
What is -3164 (base 13) in base 15?
-2062
Convert 5555 (base 6) to base 10.
1295
3223 (base 4) to base 10
235
What is -49 (base 12) in base 14?
-41
1268 (base 11) to base 7
4542
Convert 343123 (base 5) to base 7.
50553
What is -3496 (base 12) in base 2?
-1011011110010
What is -7218 (base 9) in base 12?
-3082
What is 145461 (base 7) in base 11?
1a347
Convert 6636 (base 14) to base 15.
5393
Convert 21440 (base 9) to base 10.
14211
Convert 65375 (base 8) to base 3.
1101120102
What is 2b4 (base 14) in base 11?
460
-24303 (base 7) to base 13
-2b56
What is 7313 (base 8) in base 14?
1547
What is 70b (base 14) in base 13?
825
-5505 (base 9) to base 2
-111111010111
-c777 (base 16) to base 4
-30131313
Convert 34336 (base 8) to base 9.
21865
What is -1410 (base 8) in base 12?
-548
-402 (base 9) to base 16
-146
What is 22012202 (base 3) in base 4?
1131203
Convert 523 (base 9) to base 16.
1aa
-102101101 (base 3) to base 15
-26d4
-7153 (base 8) to base 13
-18ac
1011100101010 (base 2) to base 11
4501
Convert 3342 (base 14) to base 11.
6741
-11220313 (base